t of 5586?
6
What is the tens digit of 36?
3
What is the hundreds digit of 4520?
5
What is the thousands digit of 117041?
7
What is the hundreds digit of 1044?
0
What is the tens digit of 29621?
2
What is the units digit of 703?
3
What is the thousands digit of 1937?
1
What is the tens digit of 116434?
3
What is the hundreds digit of 17602?
6
What is the hundreds digit of 831?
8
What is the hundreds digit of 40498?
4
What is the hundreds digit of 31269?
2
What is the units digit of 885?
5
What is the hundreds digit of 91764?
7
What is the thousands digit of 1433?
1
What is the hundreds digit of 487?
4
What is the tens digit of 1974?
7
What is the units digit of 1249?
9
What is the units digit of 1917?
7
What is the thousands digit of 12606?
2
What is the units digit of 38827?
7
What is the thousands digit of 80273?
0
What is the tens digit of 6745?
4
What is the units digit of 48640?
0
What is the hundreds digit of 37265?
2
What is the tens digit of 1351?
5
What is the ten thousands digit of 27354?
2
What is the tens digit of 3284?
8
What is the hundreds digit of 7674?
6
What is the hundreds digit of 93043?
0
What is the ten thousands digit of 31201?
3
What is the hundreds digit of 4042?
0
What is the tens digit of 7368?
6
What is the hundreds digit of 10991?
9
What is the tens digit of 15636?
3
What is the hundreds digit of 2199?
1
What is the tens digit of 521?
2
What is the units digit of 1636?
6
What is the thousands digit of 2183?
2
What is the tens digit of 2594?
9
What is the hundreds digit of 4563?
5
What is the tens digit of 44?
4
What is the units digit of 1697?
7
What is the hundreds digit of 862?
8
What is the ten thousands digit of 40250?
4
What is the hundreds digit of 174644?
6
What is the units digit of 4423?
3
What is the ten thousands digit of 84238?
8
What is the hundreds digit of 18551?
5
What is the hundred thousands digit of 131027?
1
What is the tens digit of 4517?
1
What is the hundreds digit of 3345?
3
What is the tens digit of 145100?
0
What is the hundreds digit of 1492?
4
What is the tens digit of 111856?
5
What is the tens digit of 1277?
7
What is the tens digit of 2812?
1
What is the hundreds digit of 1033?
0
What is the hundreds digit of 34359?
3
What is the ten thousands digit of 54667?
5
What is the hundreds digit of 380?
3
What is the hundreds digit of 31778?
7
What is the hundreds digit of 32851?
8
What is the thousands digit of 54930?
4
What is the units digit of 6711?
1
What is the tens digit of 27151?
5
What is the units digit of 10308?
8
What is the ten thousands digit of 14621?
1
What is the thousands digit of 24155?
4
What is the thousands digit of 3729?
3
What is the tens digit of 76?
7
What is the hundreds digit of 899?
8
What is the units digit of 10161?
1
What is the hundreds digit of 1532?
5
What is the hundreds digit of 39324?
3
What is the ten thousands digit of 184569?
8
What is the hundreds digit of 23538?
5
What is the units digit of 6573?
3
What is the units digit of 2006?
6
What is the thousands digit of 54586?
4
What is the units digit of 55660?
0
What is the hundreds digit of 1912?
9
What is the hundreds digit of 12348?
3
What is the units digit of 2570?
0
What is the tens digit of 681?
8
What is the thousands digit of 45398?
5
What is the units digit of 1036?
6
What is the tens digit of 4280?
8
What is the thousands digit of 1748?
1
What is the hundreds digit of 8685?
6
What is the hundreds digit of 141714?
7
What is the units digit of 985?
5
What is the tens digit of 3668?
6
What is the hundreds digit of 757?
7
What is the tens digit of 37566?
6
What is the tens digit of 5954?
5
What is the units digit of 47015?
5
What is the hundreds digit of 44099?
0
What is the units digit of 132125?
5
What is the units digit of 444?
4
What is the thousands digit of 1453?
1
What is the hundreds digit of 347?
3
What is the units digit of 40841?
1
What is the tens digit of 5691?
9
What is the units digit of 16319?
9
What is the units digit of 500?
0
What is the hundreds digit of 8535?
5
What is the hundreds digit of 7547?
5
What is the tens digit of 1106?
0
What is the hundreds digit of 608?
6
What is the thousands digit of 5517?
5
What is the units digit of 2466?
6
What is the units digit of 3378?
8
What is the hundreds digit of 818?
8
What is the hundreds digit of 3168?
1
What is the hundreds digit of 281?
2
What is the units digit of 3302?
2
What is the units digit of 38765?
5
What is the hundreds digit of 37631?
6
What is the units digit of 7515?
5
What is the thousands digit of 23512?
3
What is the units digit of 1042?
2
What is the tens digit of 6175?
7
What is the units digit of 596?
6
What is the units digit of 8932?
2
What is the units digit of 22004?
4
What is the hundreds digit of 3779?
7
What is the thousands digit of 25267?
5
What is the hundreds digit of 3063?
0
What is the tens digit of 1143?
4
What is the units digit of 495?
5
What is the hundreds digit of 1337?
3
What is the hundreds digit of 1821?
8
What is the tens digit of 765?
6
What is the units digit of 1820?
0
What is the tens digit of 3864?
6
What is the tens digit of 136514?
1
What is the hundreds digit of 40991?
9
What is the hundreds digit of 828?
8
What is the hundreds digit of 881?
8
What is the hundreds digit of 582?
5
What is the thousands digit of 9211?
9
What is the thousands digit of 6087?
6
What is the units digit of 1973?
3
What is the hundred thousands digit of 117713?
1
What is the tens digit of 95381?
8
What is the hundreds digit of 70705?
7
What is the tens digit of 92978?
7
What is the units digit of 35633?
3
What is the thousands digit of 3232?
3
What is the thousands digit of 80913?
0
What is the units digit of 14842?
2
What is the ten thousands digit of 33158?
3
What is the hundreds digit of 1514?
5
What is the units digit of 35430?
0
What is the tens digit of 49993?
9
What is the units digit of 155529?
9
What is the tens digit of 179?
7
What is the units digit of 2460?
0
What is the units digit of 3613?
3
What is the tens digit of 29526?
2
What is the hundreds digit of 486?
4
What is the tens digit of 1910?
1
What is the tens digit of 490?
9
What is the units digit of 3379?
9
What is the units digit of 19974?
4
What is the units digit of 180?
0
What is the hundreds digit of 96459?
4
What is the hundred thousands digit of 103765?
1
What is the units digit of 25619?
9
What is the tens digit of 5563?
6
What is the units digit of 2116?
6
What is the hundreds digit of 5152?
1
What is the hundreds digit of 77769?
7
What is the units digit of 17820?
0
What is the units digit of 12750?
0
What is the hundreds digit of 352?
3
What is the thousands digit of 35236?
5
What is the tens digit of 4447?
4
What is the units digit of 1208?
8
What is the units digit of 4941?
1
What is the thousands digit of 1643?
1
What is the thousands digit of 3729?
3
What is the units digit of 1257?
7
What is the tens digit of 934?
3
What is the hundreds digit of 4774?
7
What is the hundreds digit of 25833?
8
What is the hundreds digit of 734?
7
What is the tens digit of 45540?
4
What is the units digit of 957?
7
What is the tens digit of 9743?
4
What is the units digit of 671?
1
What is the hundreds digit of 3313?
3
What is the tens digit of 487?
8
What is the tens digit of 22656?
5
What is the tens digit of 1709?
0
What is the units digit of 832?
2
What is the tens digit of 82802?
0
What is the hundreds digit of 12277?
2
What is the hundreds digit of 1041?
0
What is the tens digit of 4999?
9
What is the tens digit of 2121?
2
What is the thousands digit of 4240?
4
What is the tens digit of 3287?
8
What is the ten thousands digit of 47559?
4
What is the hundreds digit of 2792?
7
What is the units digit of 3938?
8
What is the hundreds digit of 3345?
3
What is the tens digit of 2856?
5
What is the tens digit of 6046?
4
What is the thousands digit of 3471?
3
What is the thousands digit of 4126?
4
What is the hundreds digit of 410?
4
What is the tens digit of 359?
5
What is the tens digit of 835?
3
What is the tens digit of 116530?
3
What is the thousands digit of 5426?
5
What is the tens digit of 11088?
8
What is the tens digit of 2623?
2
What is the units digit of 6825?
5
What is the hundreds digit of 56161?
1
What is the thousands digit 